-63 (base 7) to base 14
-33
What is 1 (base 2) in base 7?
1
2 (base 12) to base 10
2
Convert 10 (base 3) to base 4.
3
What is -10 (base 3) in base 16?
-3
What is 22 (base 16) in base 11?
31
Convert 3 (base 5) to base 8.
3
What is 20 (base 13) in base 11?
24
Convert 10 (base 11) to base 4.
23
22 (base 13) to base 2
11100
Convert 113 (base 7) to base 4.
323
What is 20 (base 5) in base 6?
14
What is 13 (base 9) in base 10?
12
-20 (base 8) to base 16
-10
What is 2 (base 7) in base 5?
2
Convert -10 (base 5) to base 12.
-5
Convert 3 (base 8) to base 4.
3
Convert 3 (base 10) to base 5.
3
-15 (base 9) to base 11
-13
What is 11 (base 2) in base 11?
3
What is 13 (base 10) in base 11?
12
What is 2 (base 16) in base 11?
2
What is -194 (base 15) in base 5?
-2424
What is -86 (base 15) in base 2?
-1111110
-1 (base 8) to base 12
-1
-3 (base 10) to base 16
-3
What is -14 (base 5) in base 2?
-1001
8e (base 16) to base 13
ac
-3 (base 16) to base 3
-10
-4 (base 14) to base 6
-4
What is -11 (base 4) in base 16?
-5
Convert 20102 (base 3) to base 15.
b8
What is -23 (base 9) in base 8?
-25
What is 8c (base 13) in base 2?
1110100
What is 101 (base 2) in base 6?
5
What is -6c (base 13) in base 7?
-156
What is -10 (base 3) in base 6?
-3
Convert -1000011 (base 2) to base 5.
-232
What is -244 (base 10) in base 16?
-f4
Convert 2 (base 6) to base 16.
2
Convert -14 (base 5) to base 8.
-11
What is 5 (base 13) in base 15?
5
-37 (base 10) to base 11
-34
110101 (base 2) to base 7
104
2 (base 4) to base 7
2
What is 11 (base 4) in base 9?
5
1 (base 2) to base 7
1
3 (base 5) to base 7
3
-4 (base 10) to base 3
-11
What is -2010 (base 3) in base 13?
-45
-2 (base 9) to base 12
-2
What is 12 (base 6) in base 5?
13
Convert -8 (base 14) to base 6.
-12
-3 (base 11) to base 5
-3
55 (base 16) to base 8
125
1122 (base 4) to base 11
82
3 (base 5) to base 15
3
What is -11 (base 9) in base 6?
-14
-215 (base 6) to base 13
-65
Convert -240 (base 5) to base 3.
-2121
-58 (base 9) to base 5
-203
Convert -4a (base 13) to base 9.
-68
6 (base 9) to base 2
110
Convert 7a (base 13) to base 3.
10202
22 (base 9) to base 14
16
What is 1 (base 15) in base 2?
1
What is -6a (base 16) in base 14?
-78
-b (base 12) to base 8
-13
20 (base 4) to base 13
8
What is -9a (base 11) in base 14?
-7b
56 (base 8) to base 4
232
What is -1 (base 4) in base 7?
-1
Convert -3 (base 5) to base 10.
-3
What is -81 (base 11) in base 7?
-155
-202 (base 4) to base 12
-2a
What is 22 (base 4) in base 3?
101
What is -1b (base 16) in base 10?
-27
Convert -56 (base 8) to base 7.
-64
Convert -212 (base 4) to base 11.
-35
Convert -1 (base 6) to base 12.
-1
Convert -4 (base 6) to base 16.
-4
-1011 (base 2) to base 6
-15
Convert -28 (base 15) to base 13.
-2c
Convert 1 (base 15) to base 11.
1
What is 14 (base 7) in base 13?
b
What is -10001 (base 2) in base 6?
-25
12 (base 5) to base 12
7
Convert 2 (base 7) to base 14.
2
Convert 1201 (base 6) to base 13.
193
Convert -1 (base 5) to base 8.
-1
-43 (base 10) to base 8
-53
a (base 14) to base 10
10
What is 1e (base 16) in base 14?
22
-2 (base 3) to base 7
-2
-74 (base 12) to base 14
-64
What is -1 (base 15) in base 8?
-1
What is 1011 (base 3) in base 6?
51
-2 (base 14) to base 9
-2
What is 92 (base 15) in base 10?
137
Convert -24 (base 15) to base 13.
-28
2 (base 5) to base 6
2
What is -5 (base 11) in base 8?
-5
Convert -2 (base 3) to base 14.
-2
Convert -3 (base 12) to base 13.
-3
35 (base 13) to base 9
48
Convert -68 (base 13) to base 5.
-321
104 (base 6) to base 4
220
ca (base 14) to base 6
454
5e (base 15) to base 3
10022
Convert -1 (base 10) to base 8.
-1
Convert -22 (base 4) to base 10.
-10
Convert 3 (base 15) to base 12.
3
Convert 0 (base 10) to base 9.
0
-2 (base 6) to base 5
-2
Convert -2a (base 11) to base 2.
-100000
What is -4 (base 8) in base 10?
-4
What is 17a (base 12) in base 5?
1423
4 (base 11) to base 15
4
-21 (base 9) to base 8
-23
-2 (base 12) to base 16
-2
What is 111 (base 2) in base 6?
11
Convert 1 (base 5) to base 4.
1
What is 7 (base 8) in base 13?
7
What is 17 (base 10) in base 8?
21
Convert 8 (base 13) to base 10.
8
Convert 4 (base 7) to base 6.
4
Convert -1 (base 16) to base 5.
-1
12 (base 9) to base 10
11
What is 58 (base 12) in base 2?
1000100
3 (base 4) to base 11
3
What is -5 (base 7) in base 13?
-5
28 (base 15) to base 12
32
3 (base 9) to base 2
11
Convert -87 (base 10) to base 2.
-1010111
What is 0 (base 9) in base 7?
0
Convert -2d (base 16) to base 2.
-101101
Convert -45 (base 9) to base 7.
-56
What is 15 (base 10) in base 15?
10
-7 (base 11) to base 9
-7
Convert -12 (base 5) to base 4.
-13
Convert 11 (base 15) to base 9.
17
-111 (base 4) to base 3
-210
Convert 10010 (base 2) to base 14.
14
What is 21 (base 7) in base 9?
16
-58 (base 16) to base 2
-1011000
21 (base 4) to base 13
9
What is 11 (base 10) in base 9?
12
14 (base 11) to base 2
1111
Convert -3 (base 11) to base 2.
-11
What is 38 (base 11) in base 13?
32
Convert 8 (base 9) to base 13.
8
Convert 0 (base 14) to base 6.
0
-22 (base 3) to base 7
-11
Convert 2 (base 8) to base 12.
2
What is 11 (base 2) in base 11?
3
What is -3 (base 13) in base 14?
-3
-1011010 (base 2) to base 11
-82
4 (base 6) to base 16
4
7c (base 14) to base 4
1232
a9 (base 15) to base 6
423
What is 75 (base 9) in base 14?
4c
1 (base 8) to base 4
1
Convert -2 (base 4) to base 12.
-2
88 (base 16) to base 15
91
-1000011 (base 2) to base 16
-43
Convert 506 (base 7) to base 3.
100022
-6 (base 9) to base 11
-6
Convert 211 (base 8) to base 3.
12002
-15c (base 13) to base 15
-116
What is -21012 (base 3) in base 4?
-3002
Convert 110001 (base 2) to base 9.
54
Convert -17d (base 16) to base 2.
-101111101
What is 10 (base 15) in base 16?
f
Convert -1 (base 10) to base 3.
-1
-220 (base 3) to base 10
-24
1223 (base 4) to base 3
10222
What is -22 (base 15) in base 3?
-1012
What is -1320 (base 4) in base 3?
-11110
What is aa (base 11) in base 4?
1320
Convert 0 (base 14) to base 6.
0
What is 6 (base 12) in base 7?
6
-3 (base 6) to base 4
-3
Convert 0 (base 9) to base 11.
0
Convert 4 (base 13) to base 5.
4
Convert -5 (base 15) to base 12.
-5
5 (base 9) to base 12
5
-3 (base 12) to base 10
-3
Convert -7 (base 10) to base 5.
-12
Convert -23 (base 15) to base 13.
-27
What is -5 (base 6) in base 14?
-5
Convert 46 (base 7) to base 14.
26
What is 4 (base 10) in base 9?
4
What is -1011001 (base 2) in base 10?
-89
Convert 3 (base 13) to base 10.
3
What is 21 (base 8) in base 2?
10001
What is 10111110 (base 2) in base 6?
514
-10 (base 3) to base 10
-3
-19 (base 12) to base 11
-1a
-27 (base 12) to base 8
-37
Convert 26 (base 7) to base 8.
24
Convert -124 (base 6) to base 11.
-48
What is b (base 16) in base 6?
15
Convert 0 (base 10) to base 7.
0
What is 195 (base 10) in base 9?
236
What is -4 (base 9) in base 6?
-4
0 (base 10) to base 4
0
Convert -10000001 (base 2) to base 6.
-333
12a (base 12) to base 13
109
Convert 110 (base 2) to base 12.
6
100 (base 2) to base 16
4
Convert -124 (base 11) to base 9.
-173
Convert 1123 (base 4) to base 10.
91
32 (base 12) to base 11
35
What is -8 (base 16) in base 2?
-1000
0 (base 16) to base 3
0
Convert -14 (base 7) to base 12.
-b
Convert 1101101 (base 2) to base 12.
91
-27 (base 9) to base 14
-1b
What is -13 (base 8) in base 10?
-11
Convert -9 (base 15) to base 9.
-10
What is -2e (base 15) in base 10?
-44
3 (base 6) to base 5
3
Convert -101 (base 2) to base 13.
-5
-11 (base 11) to base 14
-c
What is -261 (base 7) in base 4?
-2031
-10 (base 7) to base 4
-13
What is -136 (base 13) in base 10?
-214
Convert 43 (base 12) to base 8.
63
Convert -3c (base 14) to base 12.
-46
Convert 6 (base 10) to base 8.
6
Convert 3212 (base 4) to base 11.
19a
Convert 100 (base 3) to base 14.
9
Convert -220 (base 3) to base 8.
-30
3 (base 4) to base 3
10
-6 (base 9) to base 4
-12
What is -10 (base 2) in base 4?
-2
Convert 3 (base 5) to base 7.
3
-4 (base 11) to base 7
-4
Convert 20 (base 5) to base 7.
13
Convert -23 (base 13) to base 15.
-1e
What is -11100 (base 2) in base 4?
-130
What is 11 (base 3) in base 7?
4
Convert 10010111 (base 2) to base 10.
151
What is -26 (base 16) in base 15?
-28
What is -110 (base 6) in base 5?
-132
Convert -112 (base 10) to base 15.
-77
16 (base 8) to base 13
11
0 (base 12) to base 11
0
92 (base 15) to base 4
2021
Conver